6
Suppose 0 = -2*o + 4*z + 22, -o + 5*z - 2 = -25. Let k(q) be the second derivative of q**4/6 + q**3/3 - 25*q + 1. What is k(o)?
24
Suppose 87*t = 129 - 610 - 737. Let l(k) = -4*k - 67. Calculate l(t).
-11
Let b(h) = -4*h**2 + 27*h + 37. Suppose 0 = l + 2*g + 32 - 28, 0 = -4*l + g + 38. Give b(l).
-3
Let m(x) = -36*x - 308. Let w(f) = -f**3 + 6*f**2 + 119*f - 629. Let a be w(5). Give m(a).
16
Let u(i) be the first derivative of 2*i**2 - 61*i - 7782. Give u(22).
27
Suppose 0 - 8 = 5*r - 4*i, 24 = -3*r - 4*i. Let g(z) = -10*z + 26. Let d be g(r). Let f(y) = -12*y - 64 + d + 9*y. What is f(-5)?
17
Let s be 34 - (0 + 3)/3. Let g = 40 - s. Let j(x) = -9 - 12*x - 1 + 22*x + g*x**2 - x**3. Determine j(8).
6
Suppose -20 = -10*k - 0. Let a be (-3 + 53)/((-6)/(-12)) - k. Let y = a - 107. Let m(c) = 2*c + 12. Determine m(y).
-6
Suppose -14 = -0*s - 7*s. Suppose -1 = -s*h + 3. Let k(m) = -3 + 5 - m + 6*m**h - 7*m**2 - 3 - m**3. What is k(-2)?
5
Let l(f) = 3*f - 28. Let u be (0 - -1)*12*1. Let t be l(u). Let k(a) be the second derivative of -a**4/12 + 3*a**3/2 - 3*a**2/2 + a. Determine k(t).
5
Let m(p) be the first derivative of -p**7/840 + p**6/72 - p**5/24 + p**4/8 - 4*p**3/3 + p**2/2 + 209. Let i(v) be the third derivative of m(v). Calculate i(5).
-22
Let a(r) = 20 + 33 + 28 + 50 - r**2 - 10*r - 98. Give a(3).
-6
Suppose -44*x - 62*x = 46*x - 760. Let z(v) = -2 + 1 + 6 - v. Give z(x).
0
Let b(u) be the first derivative of u**6/120 + u**5/10 + u**3/2 - 27*u**2/2 + 34. Let v(k) be the second derivative of b(k). Determine v(-6).
3
Let w(v) = -v**3 + 9*v**2 - 5*v. Let h = 243 - 235. What is w(h)?
24
Let x(a) = 5*a**2 - 28*a + 10. Let m be x(5). Let y(j) = 4*j**2 - 8*j - 1. Let h(c) = -3*c**2 + 6*c + 1. Let u(s) = m*y(s) - 7*h(s). Give u(-3).
13
Let b(y) = 6*y**2 - 56*y + 17. Suppose 120*t - 124*t + 36 = 0. What is b(t)?
-1
Let k(v) = -8*v**2 + 2*v + 1. Let y(b) = 2*b**3 + 7*b**2 - b - 4. Let u(d) = -d**3 - 3*d**2 + d + 2. Let x(l) = 9*u(l) + 4*y(l). Let w be x(3). Give k(w).
-9
Suppose 28*r + 423 = -19*r. Let y(m) be the first derivative of m**4/4 + 3*m**3 + m**2/2 + 3*m + 10. What is y(r)?
-6
Suppose -5*d + 2 = -3. Let a(l) = 1 - 50584*l + 16883*l + 16867*l + 16859*l. Give a(d).
26
Let z(d) = -d**3 + 9*d**2 - d - 86. Let j be z(8). Let v(c) = -3*c - 81. Calculate v(j).
9
Let c(j) = 18986*j - 18981*j + 9 - 10. Calculate c(1).
4
Let x(f) = f**3 + 6*f**2 - 4*f + 5. Suppose -6 = -5*m + 7*m, -l + 3*m = -59. Suppose h - 3*b - 40 = -l, h + 6 = -b. What is x(h)?
-16
Let n(s) = -2*s + 65. Let j be n(28). Let c(a) = -18*a - 33. Let d(b) = -5*b - 8. Let r(f) = j*d(f) - 2*c(f). Give r(-5).
39
Let d = 4 - 0. Let m(v) be the third derivative of -v**5/30 - v**4/24 + v**3/3 + 2*v**2 + 7499*v. Give m(d).
-34
Let g(q) = -24*q - 7. Let m be g(-7). Let h(i) = 50*i + 3352. Let d be h(-67). Let v(z) = -4*z**d - 165*z + 326*z + 1 - m*z. Determine v(2).
-15
Let t(b) = b**2 + b - 2. Let v = 7 - -17. Let k = 24 - v. Let h be 0 + 6/(-2) + k. Calculate t(h).
4
Let t(r) = -1 - 33 - 11*r + 34. Calculate t(-1).
11
Let v be (-10)/(6 + 96/(-18)). Let p(g) = -g**3 - 17*g**2 - 28*g + 26. Give p(v).
-4
Suppose 15*d + 50*d = 1040. Let l(t) = -t**3 + 13*t**2 + 46*t + 37. What is l(d)?
5
Let a(u) be the second derivative of -2*u - 1/20*u**5 - 7/2*u**2 - 1/12*u**4 - 22 + 1/6*u**3. Calculate a(0).
-7
Let s = -94016 + 94014. Let d be 1/(-2) + (-10)/(-4). Let n(c) = -d + 1 + c - c**2 + 3*c**2. Determine n(s).
5
Suppose -2*b + 7*b - 16 = -4*n, 3*b - 4*n = 16. Let y be b*(-3*4/(-16))/(-3). Let k(s) = 2*s**2. Give k(y).
2
Let l(s) = -s**2 - 13*s + 2. Let h(z) = -z**2 - 13*z + 2. Let v(i) = 2*h(i) - 3*l(i). Let q(a) = -17*a - 116. Let p be q(-6). What is v(p)?
12
Let d be 2*((-476)/(-5) + 7/(-35)). Let n(y) = 191 - 2*y - d + 3*y. Suppose 5*b = -3*p + 35, 2 + 8 = 2*p. Give n(b).
5
Let k be (-90)/150*(-650)/(-30). Let m(i) = -i**2 - 7*i + 42. Determine m(k).
-36
Let z(f) be the third derivative of -17*f**4/24 - 5*f**3/3 - 51*f**2 - f. Determine z(-4).
58
Let q(u) = u**3 + 5*u**2 + 2*u + 7. Let z = 126 - 54. Let b = -154 + z. Let g = -87 - b. Determine q(g).
-3
Let t(v) = -2*v**2 + 86. Let n(h) = -13. Let a(g) = 12*n(g) + t(g). Determine a(0).
-70
Let j = 3 - 8. Let r(k) = 110*k**2 + k + 24. Let m(d) = -63*d**2 - d - 13. Let s(o) = -7*m(o) - 4*r(o). Calculate s(j).
5
Let v(g) = -g**3 + g - 23. Let w = 5 + 0. Suppose 10*t - w*t + 5 = 0. Let k be (1 + t)/(2 + 0). Calculate v(k).
-23
Let h(x) = -6*x**3 + 10*x**2 + 4*x + 13. Let b be (5 - (-27)/(-6)) + 14/4. Let w(r) = 5*r**3 - 10*r**2 - 3*r - 13. Let f(l) = b*h(l) + 5*w(l). Give f(10).
-3
Suppose 0 = -3*v - 4*h + 105, -5*h + 36 = 2*v - 41. Let z(c) = 2 - c - 5*c + v*c**2 - 32*c**2. Calculate z(-7).
-5
Let o(m) = 2*m - 2. Let a be o(-3). Let f(x) = 2*x**3 - 9*x**2 + 784*x - 14. Let g(u) = -u**3 + 3*u**2 - 349*u + 7. Let y(p) = 4*f(p) + 9*g(p). Calculate y(a).
-17
Let d(l) = -2*l**2 - 2*l + 3. Suppose 4*u - p - 10 = 0, 5*u - 13 = 4*u + 2*p. What is d(u)?
-1
Let o(d) = 7*d + 30. Let j = -7170 + 7158. Give o(j).
-54
Let f(g) = -18*g - 2. Suppose -5*n + 6*n - 15 = -k, k - n = 11. Suppose 9*q + y = 4*q - 10, 3*q + k = -2*y. Determine f(q).
16
Let r be 20/(124/20 + -6). Let n = 99 - r. Let z(y) = -y**3. Give z(n).
1
Let q(x) = -5*x - 2 + 3*x - 8. Suppose -5*f + 2*f - 5*h - 29 = 0, 4*f + 29 = 3*h. Determine q(f).
6
Let i(q) be the third derivative of 5*q**4/12 - 29*q**2 + 3*q. Suppose 3*c + 49 = 3*o + c, 0 = o + 4*c - 7. Suppose u = -2*h - 5 + o, 4*u + 12 = 5*h. Give i(u).
20
Let s(z) = -5*z + 32. Let f be s(6). Let t(w) = -2*w + 4*w + w**2 - w + w - f. Calculate t(2).
6
Let a(d) = -d**2 - 7*d + 101. Let m be a(7). Let x(h) be the second derivative of 0*h**2 + 0 + 15*h + 1/6*h**m. Give x(-5).
-5
Let q(v) = v**3 - 10*v**2 - 20*v + 279. Let t(h) = -5*h**2 - 2*h + 1. Let z(r) = -q(r) + 6*t(r). Determine z(-21).
0
Suppose -3*f + 42 = -0*f - l, 4*l = -f + 27. Suppose -80 = -f*q + 7*q. Let m(p) = q*p + 0 - p**2 - p + 6 - 8. Calculate m(9).
-2
Suppose 4*p + 2*i = 38, 26 = 6*p - 3*p + 2*i. Let h = p + 40. Let f(c) = 41 + c - h - 2*c. Give f(-8).
-3
Let v(b) = 388*b - 3. Let l(x) = -621*x + 4. Let d(c) = 5*l(c) + 8*v(c). Let y(a) = 4*a + 4. Let p be y(-5). Let h = p - -9. Calculate d(h).
3
Let g(c) = 8*c + 1. Let l(v) = -57*v - 9. Let o(t) = -6*g(t) - l(t). Give o(-3).
-24
Let t(h) = -3*h**3 - 20*h**2 + 54*h - 2. Let u(r) = r**3 + 10*r**2 - 26*r - 1. Let s(q) = -2*t(q) - 5*u(q). What is s(4)?
1
Suppose -2*w + 0 - 4 = 0. Let l(g) = 306*g + 561. Let t(m) = -67*m - 123. Let h(c) = 7*l(c) + 32*t(c). What is h(w)?
-5
Let u(o) = -49*o - 626. Let k be u(-13). Let t(r) = -5*r + 4*r + 2*r - 20 + 21. Determine t(k).
12
Let j(v) = 4*v - 89. Let h = 18202 - 18185. What is j(h)?
-21
Let d(m) = -m**3 - 18*m**2 + 40*m + 1. Let p be d(-19). Let t = -400 - p. Let h(s) = 6*s. Determine h(t).
-12
Let a(b) = -b**2 + 5*b + 18. Let v be a(7). Let w(j) = 8*j**2 - 6*j + 3. Let f(m) = 7*m**2 - 5*m + 2. Let n(c) = v*w(c) - 5*f(c). What is n(2)?
-8
Let i(w) = -6*w**2 + 13*w**3 - 3 - 2*w**2 - 6*w**3 - 9*w - 6*w**3. Determine i(9).
-3
Let c(v) = 2*v**2 + 23*v + 47. Let f = -7267 - -7259. Determine c(f).
-9
Let f(o) = 267*o + 13 - 536*o + 271*o. What is f(-10)?
-7
Let s(q) = -1493878*q**3 - 213 - 46*q + 746939*q**3 + 746940*q**3 + 5*q**2. Give s(-5).
17
Let z(m) = -4*m**2 - 23*m - 32. Let f(b) = -15*b**2 - 89*b - 123. Let a(v) = -6*f(v) + 23*z(v). Suppose 2*s - 3*s = -4. Determine a(s).
-10
Let w(r) be the second derivative of r**5/20 + 3*r**4/4 + 5*r**3/3 + r**2/2 + 596*r - 2. Calculate w(-8).
-15
Let z(k) = -22*k**3 - k**2 - 3*k - 1. Let u(r) = -133*r**3 - 35*r**2 - 49*r - 8. Let p(d) = u(d) - 6*z(d). Give p(-28).
82
Suppose 17*m - 2*n - 12 = 12*m, 0 = -6*m + 3*n + 15. Let h(z) = -4*z**2 + 8*z - 2. Give h(m).
-2
Let v = 209 - 141. Suppose -24*b - v = -212. Let d(t) = -2*t + 5. Determine d(b).
-7
Suppose -521 = 241*l + 1166. Let w(z) = 9*z**2 + 57*z - 27. Calculate w(l).
15
Let f(h) be the second derivative of -2*h**3/3 + h**2/2 - h. Let b = -12 + 24. Suppose -b*r = -11*r - 2. What is f(r)?
-7
Let k(f) = -f**3 - 4*f**2 - f - 12. Let p(v) = 2*v**3 + 5*v**2 + 18. Let r(s) = -7*k(s) - 4*p(s). Let w = -12 + 21. Calculate r(w).
-6
Let c(t) = -13*t - 2 - 10 + 0*t**2 - 1 - 7 + 5*t**2. Let s be c(4). Let 